520 and 29792?
304
Calculate the greatest common divisor of 35728 and 352.
176
What is the highest common divisor of 1240 and 20336?
248
Calculate the greatest common factor of 1450605 and 2236.
559
Calculate the greatest common divisor of 18033 and 5.
1
Calculate the highest common factor of 300288 and 8211.
1173
What is the greatest common divisor of 3152 and 9528?
8
Calculate the greatest common factor of 7 and 511672.
7
Calculate the highest common factor of 3431 and 5256.
73
Calculate the greatest common divisor of 11775 and 425.
25
Calculate the greatest common divisor of 94843 and 17.
17
What is the greatest common factor of 144 and 117?
9
Calculate the highest common factor of 1121583 and 3.
3
Calculate the greatest common divisor of 33478 and 722.
38
What is the greatest common divisor of 5016 and 159600?
456
Calculate the highest common divisor of 586 and 1001474.
586
What is the greatest common divisor of 700 and 164325?
175
What is the greatest common factor of 234 and 832?
26
Calculate the greatest common divisor of 3 and 52302.
3
Calculate the greatest common factor of 1308 and 216.
12
Calculate the highest common divisor of 5096 and 246519.
637
Calculate the highest common divisor of 16347 and 6.
3
Calculate the greatest common factor of 6 and 3516054.
6
What is the highest common factor of 319 and 1798?
29
What is the highest common factor of 9940 and 2520?
140
Calculate the greatest common divisor of 106 and 341797.
53
What is the greatest common factor of 372 and 152148?
372
What is the greatest common factor of 112221 and 2997?
333
What is the greatest common factor of 3870 and 936?
18
Calculate the greatest common divisor of 26767 and 65221.
377
Calculate the greatest common factor of 13 and 831441.
13
Calculate the highest common divisor of 18792 and 5104.
232
What is the greatest common divisor of 4750 and 6?
2
What is the highest common factor of 615 and 2235?
15
Calculate the greatest common factor of 9 and 177432.
3
What is the greatest common factor of 60950 and 161?
23
What is the greatest common divisor of 39 and 157170?
39
Calculate the greatest common divisor of 5744 and 224.
16
Calculate the highest common divisor of 3549 and 15463.
7
What is the highest common factor of 20438 and 22?
22
Calculate the greatest common divisor of 1821 and 108046.
607
What is the greatest common divisor of 3604383 and 2115?
423
Calculate the greatest common divisor of 36 and 5672.
4
Calculate the greatest common factor of 63 and 41559.
21
What is the highest common divisor of 22310 and 7360?
230
Calculate the highest common factor of 13699 and 437.
19
What is the highest common divisor of 1134 and 57024?
162
Calculate the highest common factor of 44360 and 6280.
40
Calculate the greatest common factor of 1517 and 9176.
37
What is the greatest common factor of 11856 and 89414?
494
Calculate the greatest common divisor of 119805 and 30.
15
Calculate the greatest common factor of 18 and 572946.
6
Calculate the highest common divisor of 14941 and 1115.
223
What is the highest common divisor of 19631 and 268?
67
Calculate the greatest common factor of 72 and 16812.
36
Calculate the highest common divisor of 2690 and 1760.
10
Calculate the greatest common divisor of 115 and 105540.
5
Calculate the highest common factor of 28 and 31176.
4
What is the greatest common factor of 2345 and 83482?
469
Calculate the highest common factor of 159189 and 25967.
1129
What is the greatest common factor of 3159090 and 990?
990
What is the highest common factor of 406 and 179104?
58
Calculate the greatest common divisor of 8096 and 297.
11
What is the highest common factor of 814 and 256114?
74
What is the highest common factor of 40 and 6270?
10
Calculate the highest common factor of 20 and 546580.
20
What is the greatest common factor of 2236788 and 12510?
2502
Calculate the highest common divisor of 351 and 11388.
39
What is the highest common factor of 1044 and 2916?
36
What is the greatest common factor of 180 and 102240?
180
What is the greatest common factor of 65093 and 21?
7
Calculate the highest common divisor of 7777 and 26411.
77
What is the greatest common divisor of 620 and 17205?
155
What is the greatest common divisor of 873 and 31599?
9
Calculate the highest common factor of 210 and 697375.
35
Calculate the highest common divisor of 19560 and 1065.
15
What is the greatest common factor of 72573 and 17?
17
What is the highest common divisor of 480733 and 121?
121
Calculate the highest common divisor of 60 and 425928.
12
What is the greatest common divisor of 9780 and 20?
20
What is the greatest common divisor of 9746 and 6292?
22
What is the greatest common factor of 464783 and 47?
47
What is the highest common factor of 192 and 2450064?
48
Calculate the highest common factor of 576 and 142920.
72
Calculate the highest common divisor of 84 and 116067.
21
Calculate the greatest common factor of 9261 and 165753.
189
Calculate the greatest common factor of 562 and 31753.
281
What is the highest common factor of 336 and 24612?
84
Calculate the greatest common divisor of 139556 and 36140.
556
Calculate the highest common factor of 427 and 174582.
61
Calculate the greatest common divisor of 11532 and 48.
12
What is the highest common factor of 8398 and 49946?
442
Calculate the greatest common divisor of 19370 and 650.
130
Calculate the greatest common factor of 48 and 208880.
16
Calculate the highest common factor of 504 and 50904.
504
Calculate the highest common divisor of 63 and 3071313.
63
Calculate the greatest common divisor of 478 and 1778638.
478
Calculate the highest common factor of 3705 and 1001.
13
What is the greatest common factor of 1032 and 516?
516
Calculate the greatest common divisor of 28890 and 2700.
270
What is the greatest common factor of 102156 and 12?
12
Calculate the highest common divisor of 96 and 7136.
32
Calculate the highest common factor of 12654 and 234.
18
Calculate the greatest common divisor of 3150 and 13176.
18
What is the greatest common factor of 219 and 7389?
3
What is the greatest common divisor of 57552 and 14916?
132
What is the greatest common divisor of 244 and 8845?
61
What is the greatest common divisor of 75244 and 1300?
52
What is the greatest common divisor of 69252 and 24708?
348
What is the greatest common factor of 4297654 and 62?
62
What is the highest common factor of 3318 and 21112?
14
What is the highest common factor of 750 and 537375?
375
What is the highest common factor of 979 and 40535?
11
Calculate the greatest common divisor of 4581 and 9.
9
Calculate the greatest common factor of 352 and 447986.
22
What is the greatest common divisor of 15450 and 315386?
206
What is the highest common divisor of 3151370 and 1208?
302
What is the greatest common divisor of 33 and 39677?
11
What is the highest common factor of 11623 and 2561?
197
Calculate the greatest common divisor of 598 and 9334.
26
What is the highest common divisor of 7 and 28196?
7
What is the greatest common factor of 1250 and 9550?
50
Calculate the highest common divisor of 24 and 219918.
6
Calculate the greatest common factor of 302 and 80.
2
What is the greatest common factor of 17320 and 160?
40
Calculate the greatest common divisor of 589225 and 1911.
637
Calculate the highest common divisor of 441 and 9549.
9
Calculate the greatest common factor of 669 and 446.
223
What is the greatest common factor of 100 and 32650?
50
Calculate the highest common factor of 903 and 54481.
301
What is the highest common factor of 5 and 3716395?
5
What is the greatest common factor of 534 and 1146?
6
What is the greatest common factor of 544 and 853808?
272
What is the highest common factor of 1175 and 123140?
235
Calculate the highest common divisor of 3080 and 17655.
55
What is the highest common divisor of 16596 and 2736?
36
Calculate the highest common factor of 583015 and 34.
17
What is the highest common divisor of 90 and 18290?
10
What is the highest common divisor of 744 and 359383?
31
Calculate the greatest common factor of 238385 and 5560.
695
Calculate the highest common divisor of 719 and 782272.
719
What is the greatest common divisor of 12 and 237588?
12
Calculate the highest common divisor of 50 and 369810.
10
Cal